, -4*w = -5*p - 3. Give m(p).
6
Suppose f - p = 1 - 6, 0 = f + 3*p + 1. Suppose 0 = 5*n + 3*w - 36, 5*n - 5 - 21 = 2*w. Let z(h) = -5*h - n + 3*h + 0*h. What is z(f)?
2
Let t(c) be the third derivative of -c**5/60 + c**4/6 - 5*c**3/6 - 38*c**2. Calculate t(4).
-5
Suppose -3*v - 15 = 2*z, -v + 5 + 4 = -4*z. Let l(k) be the third derivative of k**6/120 + k**5/20 - k**4/24 - k**3/2 + 2*k**2. Give l(z).
0
Suppose 4*g = 2*d - 2, 0 = -4*d + 2*g + 3*g + 1. Let l(r) = -87*r + 1 + 0 + 88*r. What is l(d)?
0
Let c(b) = b**2 + 5*b - 7. Suppose 5*o + 1 - 8 = -3*v, -4*o = -v + 8. Suppose i + 5 = 4*h + h, 5*h = -v*i - 20. Determine c(i).
-7
Let t(m) = 17*m + 10 + 13*m + 7*m**2 + m**3 - 29*m. Determine t(-7).
3
Suppose -5 = -2*z + 1. Let a(x) = 0*x**2 + z + 3 - x**2. Suppose 6*f - 2*f = 0. Give a(f).
6
Let p(n) be the second derivative of -n**3/3 + n**2 + 11*n. Calculate p(-8).
18
Suppose 0 = -5*w - 13 + 33. Let q(p) be the second derivative of -p**4/12 + p**3 - 4*p. Calculate q(w).
8
Let j(y) = -y**3 + 8*y**2 - 7. Let t = 15 - 7. Determine j(t).
-7
Let h(q) = -2*q - 2 - 3*q + 2*q. Suppose 3*f + 6 + 0 = 0. Determine h(f).
4
Let h be -5 + 0 - (1 - 4). Let v = h - 4. Let q(w) = 2*w + 9. What is q(v)?
-3
Let m(i) = -4*i**3 - 2*i + 1. Let p(g) = -g**3 + g**2 + 1. Let r(u) = 4*u**3 - 7*u**2 + 4*u - 7. Let l(z) = -3*p(z) - r(z). Let j be l(3). Calculate m(j).
-5
Let w(i) = -i**2 + 8*i - 2. Suppose 0 = -2*r + 11 + 3. Let d be w(r). Let q(v) = 5*v**2 - 2*v**3 + v + v**3 - 1 + 0*v. Calculate q(d).
4
Let c(w) = 4*w + 10. Let b(m) = -2*m - 5. Let s(n) = 5*b(n) + 2*c(n). Let y be s(-4). Let v(x) = -x**3 + 3*x**2 + x - 4. Determine v(y).
-1
Let b(g) = g**2 - 2*g - 5. Let n(y) = -y - 13. Let v be n(-17). Determine b(v).
3
Let c(r) be the first derivative of 3*r**2 + 9. Suppose -2*w + 2 = -0. Calculate c(w).
6
Let n(g) = -g. Let p(c) = -3*c - 4. Let r(u) = 2*n(u) - p(u). Suppose -2 = -4*t - 10. Let l be t/((-8)/6)*-2. What is r(l)?
1
Let s be (-6)/2 + 1*3. Let o(n) = n**2 + 7. Give o(s).
7
Let d(i) = -i**2 - 4*i. Let w be (-3 - 0) + 3 + -6. Give d(w).
-12
Let o(a) = a + 2. Let h = 99 + -95. What is o(h)?
6
Let h(x) = -x**2 - 8*x - 16. Let u be h(-6). Let o(p) = -p**3 - 3*p**2 + 4*p + 6. What is o(u)?
6
Let z(y) = 4*y**2 + 7*y**3 + 0*y**2 + 4*y - 3*y**3 - 1 - 3*y**3. Give z(-3).
-4
Let v(c) = -10*c - 1. Let l(n) be the third derivative of 11*n**4/24 + n**3/3 - 6*n**2. Let o(a) = 6*l(a) + 7*v(a). Calculate o(5).
-15
Let a(y) = -y**2 + y - 1. Let d(v) = 2 - v - 7 + 6*v + 3 - 2*v**2. Suppose 0 = -5*w - 4*t - 15, 2*t + 5 = t. Let r(q) = w*d(q) - a(q). What is r(5)?
-6
Let v(w) be the second derivative of -w**5/20 - 5*w**4/12 + w**3 - w**2/2 - w. Suppose -c - 8 = -2. Calculate v(c).
-1
Let q(f) = f**2 + f. Let o be q(-2). Let y(u) = u**2 + 161 + 2*u**3 - u - 162 + 0*u**3 - 4*u**2 + 3*u. Determine y(o).
7
Suppose 0 = 5*s + 32 + 8. Let x(c) = c + 4. What is x(s)?
-4
Let j(v) = v + 4. Let a(p) = -2*p**2 - 3*p + 4. Let s be a(-3). Calculate j(s).
-1
Let w(o) = o**3 + 2*o**2 - 1. Let z(x) = -x**3 - 5*x**2 - 4*x - 4. Let h be z(-4). Let b be (15/(-12))/((-2)/8). Let q = b + h. Determine w(q).
2
Let l(x) be the third derivative of x**4/8 + 35*x**2. Give l(2).
6
Let k(o) = o - 13. Let l(i) = i - 14. Let j(s) = 5*k(s) - 6*l(s). Calculate j(8).
11
Let n(a) = -3*a**2 + 2*a + 2. Suppose -4 - 6 = 5*c. Let o = 4 + c. Determine n(o).
-6
Let k(q) = 2*q**3 - q**2 - q + 1. Suppose -3*z - 3*r - 39 = 0, -2*z + 2*r + 4 - 18 = 0. Let t be (4/z)/((-14)/35). Give k(t).
1
Suppose 14 = 4*d - 6. Let y = 4 + -1. Let b(f) = -4*f**2 - 5*f - 3*f**2 - 4 + f**3 + y*f**2. Calculate b(d).
-4
Let u = -3 + 2. Suppose -6*x + 5*x + 27 = 5*j, 0 = j - 3. Let w(a) = 4 + 2 - 5 - 10*a + x*a - 9*a**2. Give w(u).
-10
Let g be -2 + 4 - (-4)/(-2). Suppose d - s - 15 = g, 3*s = d + d - 33. Let k be 21/6*d/21. Let m(c) = c - 1. Give m(k).
1
Let g(i) = -3*i - 2. Suppose -5*v = 46 - 26. Give g(v).
10
Let z = 5 + -2. Let r be -5*1*(0 - 1). Let o(v) = -11*v + 23. Let m(i) = -7*i + 15. Let d(l) = r*o(l) - 8*m(l). What is d(z)?
-2
Let i(k) be the third derivative of 1/6*k**4 + 1/15*k**5 + 1/6*k**3 - 3*k**2 - 1/120*k**6 + 0 + 0*k. What is i(5)?
-4
Let q(c) be the third derivative of 0*c + 3*c**2 + 0 + 7/24*c**4 + 5/6*c**3 + 1/60*c**5. Give q(-5).
-5
Let y(p) = -9*p**2 - 10*p + 8. Let n(v) = 4*v**2 + 5*v - 4. Let k(t) = -5*n(t) - 2*y(t). Let f = 10 + -14. Give k(f).
-8
Suppose 1 = 2*s - 3. Suppose 0*o + s*o + 4*v - 22 = 0, v + 2 = 2*o. Let b = o + -8. Let r(f) = -f**3 - 6*f**2 - 6*f - 4. Give r(b).
1
Let x(o) = -3*o**3 - 4*o**2 + 2*o + 2. Let f(l) = 10*l**3 + 13*l**2 - 7*l - 7. Let c(k) = 2*f(k) + 7*x(k). Calculate c(-1).
-1
Let f(s) be the second derivative of s**4/12 + 3*s**3/2 + s**2/2 - 61*s. What is f(-9)?
1
Let x(b) = 5*b**2 - 6*b + 2. Let f(n) = -14*n**2 + 17*n - 6. Let h(y) = -6*f(y) - 17*x(y). Give h(0).
2
Let f(n) = n. Let l be (-1)/1*-1 - -1. Let x be (-1)/((-3)/30*l). What is f(x)?
5
Suppose 0 = -3*s + 1 + 5. Suppose 2*z + s*z = 4. Let b(w) = 10*w**2. What is b(z)?
10
Let q be 3 + (2 - (-3 + 6)). Suppose -2*o + 3 = q*p - 1, 0 = -2*o + 4*p + 22. Let w(z) = -2*z + 7. What is w(o)?
-3
Let g(n) = -n**3 - 4*n**2 + 6*n + 6. Let v(r) = r**2 - 13*r - 5. Let j be v(13). Calculate g(j).
1
Let c = -2 + 2. Suppose -4*b - 16 = c, -7*b + 2*b = -3*o + 2. Let a(j) = -j - 6. Calculate a(o).
0
Let p(f) = -f**3 + 7*f**2 - 7*f + 8. Let r be p(6). Let v(z) = z**2 + 3 - 4 - r*z - 1. Calculate v(-2).
6
Suppose -3*n - 3*i + 15 = 0, 3*i - 7 = 3*n - 10. Let f(w) = -3*w**2 + 2*w + 1. Give f(n).
-20
Suppose -3*r + 21 - 36 = 0. Let t(s) = -s + 3. Let i(f) = f**2 - 3*f - 2. Let n be i(4). Let l(u) = -u + 1. Let z(k) = n*t(k) + r*l(k). What is z(3)?
10
Let x(w) = w**3 + 3*w**2 - 2*w. Suppose 3*l = 7*l. Suppose l = 4*n + 8, 4*n = q - 4 - 1. Determine x(q).
6
Let l = -81 + 79. Let a(q) = -q**3 - q**2 + q - 1. Give a(l).
1
Let b(x) be the first derivative of -x**3/3 - 3*x**2 - 4*x - 23. Determine b(-4).
4
Let l = -15 + 15. Let c(r) = r + 3. What is c(l)?
3
Let t(d) be the third derivative of d**4/12 - d**3/2 - 2*d**2. Determine t(3).
3
Let i be 64/(-56) - 2/(-14). Let c(a) = -6*a + 1. Let b be c(i). Let l(h) = h**2 - 8*h + 2. Determine l(b).
-5
Let c(x) = 3*x**2 - 11*x - 1. Let k(v) = 2*v**2 - 6*v - 1. Let l(s) = -3*c(s) + 5*k(s). Calculate l(-4).
2
Let w = 16 - 9. Suppose 4*k - 2 = l, 3*l + 4*k - 3*k = w. Let u = l + -2. Let y(d) = -d + 5. Calculate y(u).
5
Let j(z) = -z**3 - 8*z**2 + z + 11. Suppose 0 = a - 4 + 12. Let f be j(a). Let n(x) = 0*x + f*x + 4 - x. Determine n(-3).
-2
Let m(s) = -s**2 - 6*s + 2. Let o = 66 - 71. Give m(o).
7
Let u(n) = 2*n**2 + 3*n + 1. Let j be u(-2). Suppose -20 = -5*b, -4*v - j*b - 3 = -v. Let c(q) = q**2 + 4*q + 1. Give c(v).
6
Let j = 2 - 0. Let x be (2 - j)*2/(-2). Let p(k) = -4*k - 7. Let d(m) = -9*m - 14. Let a(s) = 3*d(s) - 7*p(s). Give a(x).
7
Let g(t) = -26*t**2 + 11. Let s(n) = -9*n**2 + 4. Suppose 0*c = -2*c - 16. Let a(i) = c*s(i) + 3*g(i). Give a(1).
-5
Let l(z) = z**3 + 3*z**2 - z - 1. Suppose 0 = 4*j + 1 + 7. Let i be (-1 + -4 - j) + 0. Give l(i).
2
Let f = -8 + 11. Let z(b) = -b. Calculate z(f).
-3
Let h(s) = 2*s. Suppose 0 = 5*y + 3*v - 39, -4*v + 10 + 2 = 0. Let r be (9/y)/(9/6). Suppose -2 = -a + r. What is h(a)?
6
Let m(u) = -u**2 - 3*u - 1. Let r(k) = -6*k - 4 + 5*k - 6. Let j be r(-5). Give m(j).
-11
Let t(h) be the first derivative of h**4/12 + h**3/2 - 3*h**2 + 8*h + 1. Let z(v) be the first derivative of t(v). Calculate z(-5).
4
Let n be -3*(1 - (-1 - -3)). Let m(y) be the third derivative of -y**6/120 + y**5/20 + y**4/24 + y**3/2 - 2*y**2. Give m(n).
6
Let z(i) = i**3 + i**2 - i + 4. Suppose 0 = 3*s - 6*s + 6. Let b be 3 + s + (1 - 1). Suppose b*n + 4 = h, -2*n + 0 = h - 4. Give z(n).
4
Let l = -10 + 6. Let w(q) = q**3 + 4*q**2 - 2*q - 3. Let a be w(l). Suppose 0 = -2*i + a*i - 3. Let z(f) = -4*f - 1. Calculate z(i).
-5
Let d(h) = -3*h + 9. Let l(z) = 4*z - 14. Let r(c) = -7*d(c) - 5*l(c). What is r(0)?
7
Let w(d) be the first derivative of d**4/4 + 5*d**3/3 + d**2/2 + 7*d - 8. What is w(-5)?
2
Let p = 0 - -2. Let t(h) = 2*h + h**3 - h**p + 2 - 4*h**2 - 1. Let d be 35/(-14)*(-8)/5. Give t(d).
-7
Let f(b) = b. Let v be (0 - (-2)/(-6))*-18. Suppose 3*m + 10 = 8*m. Suppose -m*l + v*l = j + 8, 5*j - 